20. Is c composite?
False
Suppose 4*j - 3*j - 4 = 0. Suppose 0 = -j*v + 4*x + 1816, 4*v + x + x - 1810 = 0. Let a = v - 320. Is a composite?
True
Suppose 0 = -3*y - 2*o - 1, 4*y - 9 = y + 3*o. Is ((-1)/y)/(3/(-951)) prime?
True
Let d(f) = f**3 + 6*f**2 - 6*f + 9. Let w be d(-7). Suppose -247 = -w*c + 91. Suppose -5*s + 3*q = -c, -130 = -4*s - 0*q + 5*q. Is s a prime number?
False
Is 1/((-2)/363)*32/(-48) composite?
True
Suppose -5*p + 777 = -1238. Is p a composite number?
True
Let c(x) = x**3 - 5*x + 3*x - 2*x + 2 + 0 + 3*x**2. Let r be c(2). Let b = r - -11. Is b composite?
True
Suppose 0 = -3*p + 3*w + 1479, 1479 = 3*p + 4*w + w. Is p a prime number?
False
Suppose 4*r - 834 = -3*a, -263 = 5*a - 2*r - 1627. Is a composite?
True
Let c(y) = y**2 - 3*y + 3. Is c(-8) a prime number?
False
Is -466*((22/(-4) - -3) + -1) a prime number?
False
Suppose -4*q + 6 = -5*q + i, -9 = -3*i. Let g be 26/(3 - 1) + q. Suppose 155 = 3*r - g. Is r a composite number?
True
Let s(c) = c**2 - c + 5. Let f be ((-9)/15)/(1/(-10)). Is s(f) a composite number?
True
Let i = 174 - 94. Let o = i - -3. Is o a prime number?
True
Suppose 2*a = 5*h + 5347, 2*a + 4*h - 6377 = -1039. Is a a composite number?
False
Let y(f) = -f**3 - f**2 - f + 221. Let o = -6 + 6. Is y(o) a composite number?
True
Let q = 12 + 25. Is q composite?
False
Let v = 26 + -66. Suppose 4*y = -5*s + 289, -s + 9 + 276 = 4*y. Let m = v + y. Is m a prime number?
True
Let c(y) = 22*y + 9. Is c(6) composite?
True
Let r(b) = 9*b**2 + 2*b - 1. Let a be r(-2). Suppose -3*s + 17 + 7 = 4*g, -4*s = 5*g - a. Suppose 56 = f + g*f. Is f a composite number?
True
Let k = -4 - -7. Suppose -k*n + 0*f + 645 = -4*f, 4*f + 856 = 4*n. Is n a prime number?
True
Let o(d) = 16*d**2 + 4*d - 14. Is o(-6) composite?
True
Let d(z) = 1 - 14 - 4*z**2 + 12*z + 0*z**2 + 3*z**2. Is d(10) prime?
True
Let y be (-1 - 0/1)*23. Let c be (-1 - 1 - y) + 2. Suppose 3*h - 2*h = c. Is h a composite number?
False
Suppose -u = u - 1268. Suppose 4*w = u + 210. Is w a prime number?
True
Suppose -4*l - l + 3290 = 0. Suppose 72 = -2*z + l. Is z a composite number?
False
Suppose 4*b + 7 = 5*b. Let u(n) = n**3 - 9*n**2 - 7*n - 4. Let w be u(b). Let l = -86 - w. Is l composite?
True
Suppose 5*m = -4*c - 47, 8 = -2*m + 3*c + 3. Let v(o) = o**3 + 8*o**2 + 4*o - 7. Is v(m) prime?
False
Let d = -454 + 793. Is d a composite number?
True
Suppose 5*t = -4*a + 37413, -t - 4*a = t - 14970. Is t a composite number?
False
Let b = 2 - 0. Suppose 3*h + h = -b*v + 874, -1724 = -4*v + 4*h. Suppose -117 = 4*d - v. Is d composite?
False
Suppose h - 3 = -5*f - 5, 54 = -5*h - 3*f. Let o be 6/h - 18/(-4). Suppose o*j + 79 = 5*j. Is j a prime number?
True
Let c(j) be the first derivative of j**4/4 + j**3/2 - j**2/2 - 4*j - 3. Let q(l) be the first derivative of c(l). Is q(3) a composite number?
True
Let g(h) = 4*h**2 - 3*h + 1. Suppose 2*q - 5 = -17. Is g(q) prime?
True
Let u = 25 - 16. Is 3/u - 368/(-12) prime?
True
Suppose 6029 + 6106 = 3*k + 4*f, -5*k + 2*f + 20251 = 0. Is k prime?
True
Let p = -4402 + 7209. Is p prime?
False
Let q(a) = -3*a**2 + 4*a + 3. Let g be q(-3). Is (-4566)/g + (-1)/(-6) a prime number?
True
Let l be 1*5/((-5)/(-2)). Let y(d) = 7 + d + l*d - d. Is y(6) a prime number?
True
Suppose -4*x + 3*x = 3*s - 1106, 0 = 4*s + 4*x - 1472. Suppose 9*d - 4*z - 361 = 4*d, 5*d - s = -4*z. Suppose 3*f = v - 28, -3*f = -5*v + d + 31. Is v prime?
True
Let n = 5 + -7. Let q = 53 - n. Is q a prime number?
False
Suppose 2*u = r + 26, -u - 4*r - r = -35. Let w be 3*u*46/3. Suppose w = 5*i + 5*d, i = 4*d - 109 + 272. Is i prime?
False
Let b = -5 - -7. Let q be ((3 - -1) + b)*6. Suppose o - q = 70. Is o composite?
True
Suppose 4*u + 20 - 6 = -s, 14 = -3*s - 5*u. Let k be s + -1 - (1 - -3). Is 2 + 32 + 3/k prime?
False
Let y = -269 - -528. Is y a prime number?
False
Let r(m) = m**3 - 10*m**2 + 11*m + 5. Let z(b) = 5*b - 1. Let g be z(2). Is r(g) a composite number?
False
Let h be (2 - 2)/(8 + -7). Suppose -s + 4*s - 2*z - 439 = 0, 2*s + z - 302 = h. Is s a prime number?
True
Suppose 2*h = -4*r + 16, -6*h + 23 = -2*h + 5*r. Suppose h*y + 5 = -3, 2*d = 5*y + 430. Is d a composite number?
True
Let l = -728 - 108. Is 3*(l/3)/(-4) composite?
True
Suppose 2*k - 7*k + 25 = 0. Suppose 0 = 4*d - 4*v - 20, -6 = 3*d - v + k*v. Suppose 0 = 3*h - d*h - 155. Is h composite?
True
Let x = 2 + -6. Let n(b) = 2*b**2 - 3*b - 6. Let j be n(x). Is (j/4)/(2/4) composite?
False
Let f be (-1)/(-2) + 748/8. Suppose 7*k - 5*k = f. Is k a prime number?
True
Let o(d) = -7*d**2 - 2*d. Let s be o(-2). Is (6/(-4))/(s/3056) composite?
False
Suppose 1879 = 3*n - 4*q, 0 = -8*n + 3*n + q + 3143. Let u = n + -298. Is u prime?
True
Suppose -2*j - 4164 = -2*z - j, -5*j = -4*z + 8334. Is z prime?
True
Let t(z) = 37*z**2 - 1. Let x = 5 + -4. Let m be t(x). Suppose -m = -s - 5*y, 0*s - 2*s + 5*y = -117. Is s a prime number?
False
Let d(u) = u + 9. Let z be d(-7). Let h(v) = 0*v + 6 + v - v**z + 19. Is h(0) a composite number?
True
Suppose 0 = 5*l + 3*l - 1624. Is l a composite number?
True
Suppose 0*d - d - 6 = 0. Let f be (90/4)/(d/(-8)). Suppose 0 = -3*n + 27 + f. Is n prime?
True
Let i be (-74)/(1 - 12/8). Is (i/(-6))/(4/(-6)) a prime number?
True
Let z(g) = -5*g - 11. Let p be z(-4). Is (1/(-3))/(p/(-11313)) a composite number?
False
Let d(x) = 29*x**2 + x - 1. Is d(3) prime?
True
Let g = -17 + -3. Let u be g/(-15)*(-42)/4. Let o = -4 - u. Is o a prime number?
False
Let p be ((-6)/3 - -5) + 8. Suppose 0 = -y + p - 2. Let l = -2 + y. Is l composite?
False
Suppose 3*f + 5*r = 32, -13 + 3 = 5*r. Suppose g = -3 + f. Is g a prime number?
True
Suppose 8*r - 3*r - 1585 = 0. Is r composite?
False
Let t(y) be the second derivative of -y**5/20 - y**4/2 - y**3/6 - y**2/2 - y. Suppose -3*h = -5*j - 47, -j - j - 2*h = 6. Is t(j) a composite number?
True
Let i(r) = r**2 - 10*r + 9. Let m be i(8). Let n = m - 38. Let h = n + 64. Is h composite?
False
Is ((-18)/12)/(2/(-436)) a prime number?
False
Let j(s) = -s**3 + 8*s**2 - 7*s + 2. Let o be j(7). Suppose 4*b = -3*y + 575, -y = 5 - o. Is b a prime number?
False
Let x(r) = r**3 + 9*r**2 + 2*r + 7. Let q be 0 + (4 + -2)*-2. Is x(q) composite?
False
Let f be ((-10)/4)/((-3)/474). Suppose -5*x + 402 = 3*q - 2*x, 0 = -3*q + 4*x + f. Is q prime?
False
Suppose -9*k + 11*k = 658. Is k prime?
False
Is ((-42)/(-9))/((-4)/(-582)) a prime number?
False
Let m be (-4 - 1)/((-2)/2). Suppose -4*i - m*s = -0*i - 65, 0 = i - 3*s + 5. Is i prime?
False
Suppose -177 = 7*n - 436. Is n a prime number?
True
Let o(j) = j**3 + 16*j**2 + 7*j - 7. Let t be o(-7). Suppose b - t = -4*b. Is b a composite number?
True
Suppose -2*x + 1203 = -0*x - 3*l, -579 = -x - 3*l. Let k = x - 293. Is k composite?
True
Let w be (-269)/2*(-3 - -1). Suppose 3*c = l + w, 0*c + c + l - 95 = 0. Is c prime?
False
Let y(l) = l**3 - 2*l**2 + 1733. Is y(0) a prime number?
True
Let l be 0 + 6/3 + 210. Suppose 4*m = -p + 4*p + l, 2*m = -3*p + 88. Suppose i - 3*d - m = -14, 5*i + 2*d - 95 = 0. Is i prime?
False
Let m(h) = -327*h + 2. Is m(-3) prime?
True
Let d(g) = 7*g - 21. Suppose -4*r + 32 + 24 = 0. Is d(r) prime?
False
Suppose 0 = -s - 3*s + 556. Is s composite?
False
Suppose 5*z = -3*o - 0*o + 33056, -3*o - z + 33076 = 0. Is o composite?
False
Let p = -16 + 7. Is (-6)/(-27) + (-2419)/p prime?
True
Let l = -1 + 1. Suppose 4*j = -l*j + 148. Is j a composite number?
False
Suppose c - 2*c = 0. Let x be 3 + 2 + 0 + -3. Is c + (x - (-8)/1) composite?
True
Let f = 10 + -5. Let d(b) = 35*b + 13. Let g(k) = -52*k - 19. Let n(z) = -7*d(z) - 5*g(z). Is n(f) prime?
True
Let r(j) = j + 889. Let h be 8/(-28) + (-2)/(-7). Is r(h) a prime number?
False
Suppose -5*h - 18 + 148 = 0. Let x = -13 + h. Is x composite?
False
Suppose m = -k - 3*k - 938, 0 = -m - k - 932. Let l = -637 - m. Is l a prime number?
True
Is -3 - -455 - (6 - (-3 - -6)) a prime number?
True
Suppose 3*u + u - 3744 = 0. Suppose -371 = -3*l + l + 3*y, -y = 5*l - u. Is l composite?
True
Suppose 2*w - 1082 = 3*f - 7*f, -2*f - 549 = -w. Suppose -2*m = 3*m - w. Is m prime?
True
Suppose -8 = -4*n, -5*y + 4385 = -3*n - 4764. Let l = y + -936. Is l a prime number?
False
Let y(p) = 5276*p**3 - p + 2. Is y(1) composite?
True
Let i = 6 + -4. Let t be 5 - (i - (0 - -1)). Suppose 2*f -